**2 + o. Suppose 2*w = t - 60, 6*t = 2*t - 2*w + 270. Suppose -43*y = -63 - t. Calculate b(y).
-1
Let r(a) = a**3 + 8*a**2 + 11*a - 2. Let k = -8534 - -8530. What is r(k)?
18
Let y(k) = -4*k**2 - 4*k - 2. Suppose -70*x + 93 = -163*x. What is y(x)?
-2
Let q(t) be the second derivative of -t**7/280 + t**6/720 + 25*t**4/4 + t**2 - 25*t. Let w(n) be the third derivative of q(n). What is w(1)?
-8
Let u = 891 - 590. Suppose -297*c + u*c + 32 = 0. Let n(y) be the third derivative of -y**6/120 - 2*y**5/15 + 3*y**3/2 - 2*y**2. Give n(c).
9
Suppose 4*p = 16, 4*m + 9 - 5 = 3*p. Let l(g) = -g**3 + 16*g + 32*g**2 - 15*g - 26*g**m. Give l(6).
6
Let m(u) be the second derivative of 5*u**3/6 - 24*u**2 + u - 480. Calculate m(9).
-3
Let b(h) = -h**3 - 7*h**2 - 6*h + 10. Let m(g) = -g**3 - 7*g**2 - 6*g + 11. Let v(c) = -3*b(c) + 2*m(c). Suppose -104*t - 631 - 294 = -301. Give v(t).
-8
Let q(w) = -4*w**2 + 88*w - 417. Let k be q(7). Let h(i) = 4*i**2 + 4*i - 12. Determine h(k).
36
Let m(y) = 2*y**2 + 4*y + 1. Let j(k) = -15*k**2 - 657*k + 1295*k + k**3 - 662*k - 6. Let h(p) = -j(p) - 6*m(p). Let g = 4 - 1. What is h(g)?
0
Let i be -5 - -4*((-110)/8 + 4). Let v be (2/(-11))/(12/i)*9. Let y(f) = f**3 - 7*f**2 + 8*f + 5. What is y(v)?
17
Let r = 144 - 139. Let x(i) = 0*i + r + 4*i - 4*i + i. Give x(-11).
-6
Let w(j) = j**3 - 4*j**2 - 6*j + 4. Suppose 0 = -39*p + 45*p - 96. Suppose 0 = -2*a - 8 + p. Give w(a).
-20
Suppose w = -4*w, 81 = -3*x + 4*w. Let o = x - -29. Let k = o - 6. Let d(a) = -a**3 - 4*a**2 + 2. Calculate d(k).
2
Suppose 47*h = 16 - 13 + 44. Let q(k) = 3*k**3 + 2*k**2 - k. What is q(h)?
4
Suppose -15 = -3*o + 3*i, 6*o = 3*o - 9*i - 21. Let t(h) be the first derivative of 7/3*h**3 + h + 3/2*h**o + 1/4*h**4 + 24. Determine t(-7).
-20
Let t(n) = 3*n**2 - 2*n**2 - 60*n - 155 + 97*n - 18*n. Determine t(6).
-5
Let q(l) = -38*l - 2910. Let s be q(-77). Let j(a) = a**3 - 17*a**2 + 17*a - 10. Give j(s).
6
Suppose -3*g + 66 = -2*v, v + 14 + 29 = 2*g. Suppose -5*n = t - 6 + 1, -g = -4*t - 4*n. Let f(j) = -j + 5 + 89*j**3 - 6*j**2 + 3*j - 88*j**3. Calculate f(t).
-10
Let s(v) = 2*v**2 - 9*v - 21. Let r(t) = -t**2 + 4*t + 11. Suppose 0*j = 20*j + 80. Let k(b) = j*s(b) - 9*r(b). Calculate k(0).
-15
Let x(h) be the second derivative of -h**4/12 - h**3/6 - h**2 - 9*h. Suppose 0 = -j - 3*y - 9, -3*j = -57*y + 53*y + 1. Calculate x(j).
-8
Suppose 0 = i - 0*t + 3*t + 14, i - 2*t + 29 = 0. Let n = i - -50. Suppose p = -8*p - n. Let o(r) = -r**3 - 2*r**2 + 2*r - 2. Calculate o(p).
1
Let p(r) = -2*r**2 - r + 10. Suppose 4*q - b = -2835, -q + 4*b - 9*b = 714. Let s = -712 - q. Determine p(s).
-5
Suppose 2*l - 5 = -3*h + 68, 5*h + 4*l - 125 = 0. Let n(m) = m + 49. Calculate n(h).
70
Let n = 14 - 15. Let c(y) = -y**2 + 9*y + 2. Let q be c(9). Let s(w) = -3*w**q + w**2 - 16*w + 17*w. Give s(n).
-3
Let c(d) = -2*d + 6. Let n(y) = y + 11. Let i be n(7). Suppose 0 = -17*h + 20*h + i. Let a be (0 + 1)/(5/(29 - h)). Give c(a).
-8
Let v(t) be the second derivative of t**5/20 + 11*t**4/12 + 5*t**3/2 - 14*t**2 - 3676*t. Give v(-9).
-1
Let u(s) = -3*s**2 - s + 7. Let l(t) = -4*t**3 + 21*t**2 - 25*t + 16. Let p be l(4). What is u(p)?
-37
Let w(d) = 2 + d**2 + 341*d + 2 - 342*d - 4. Let g be (-4)/2 - 0/1. Let q be (-2)/((-16)/6 - g). Determine w(q).
6
Let k(j) = j**3 + 54*j**2 - 7*j - 379. Let f be k(-54). Let h(m) = 2*m**3 - 1. Give h(f).
-3
Let l(n) = n**3 + 8*n**2 + 6*n - 5. Let r be l(-7). Suppose -z + 0 = 1, -3*m - r*z = -10. Let w(o) = 7 + m*o - 3*o + 0*o + 0*o. What is w(-11)?
-4
Let l(k) = 3 - k**2 + 36*k - 115*k + 30*k + 40*k. What is l(-4)?
23
Suppose -2*l + 125 = 3*l. Let k be 3/((-9)/(-21))*(-78)/(-21). Let w = l - k. Let t(m) = 6*m - 1. What is t(w)?
-7
Let i(j) = -j**3 - 5*j**2 - 9*j - 4. Let r = 106 + -108. Let o be i(r). Let b(x) = x**2 + 2 + 2*x**2 - 3*x - x**3 - x**3. Calculate b(o).
-8
Let p be (2 + 1)/((-6)/(-20)). Let i(g) = g**3 - 3*g**2 + 2*g + 15. Let d be i(5). Let t(c) = 0 - d*c**2 + 10*c + 42*c**2 - 13 + 32*c**2. Calculate t(p).
-13
Let d(r) = 8*r + 2. Let a be d(1). Let z(s) = -3*s**2 + a*s + 9*s - 16*s - 1. Let x be (-1)/(2/(-4)) + 0. Calculate z(x).
-7
Let a(r) = -r**3 + 113*r**2 + 234*r - 26446. Let f be a(113). Let n(u) be the second derivative of u**3/6 + 11*u**2/2 - u. Determine n(f).
7
Let p(l) = -2 + 3*l + 5 - l**2 - 1. Let m = 337 + -333. Suppose -11 = -3*k + m*y, 2*k - 3*y = -2*y + 9. What is p(k)?
-8
Let a = -3 + 5. Let j(q) = -1 + 2843*q - 5686*q + 3*q**3 - 2*q**2 + 2842*q. Determine j(a).
13
Let c = 80 + -78. Let u(h) = h**2 + 5 + 7*h + 0*h**c - h + h. Determine u(-7).
5
Let j(z) = z - 70. Let a(v) = -71. Let g(s) = 3*a(s) - 4*j(s). Give g(23).
-25
Suppose 72*v - 68*v = -16. Let u(p) = -7*p - 8. Let a(j) = 3*j + 3. Let n(t) = -5*a(t) - 2*u(t). What is n(v)?
5
Let n(z) = -z**3 - 4*z**2 - z + 1. Let f be 240/(-6) + -2 + (1 - 0). Suppose 0 = 7*h - 8*h - 37. Let w = f - h. Calculate n(w).
5
Let w = 87 + -85. Suppose l + 4*l + 3*r = 35, 0 = -l + w*r - 6. Let a(f) = f**3 - 5*f**2 + 7*f - 6. Give a(l).
6
Let c(l) = l**3 - 2*l + 4*l - 5 - l**2 - l. Let y(r) = -r**2 + 80*r - 924. Let d be y(14). Calculate c(d).
-5
Let y = -3768 - -3768. Let a(s) be the third derivative of 2*s**2 + 0 - 1/3*s**3 + 5/24*s**4 + y*s. Calculate a(-3).
-17
Let l be 8 - (-2249)/(-117) - -11 - (-11)/9. Let h(t) = 19*t**3 + t**2 - 3*t + 3. Give h(l).
20
Let j(q) = -q**3 + 3*q**2 + 5*q - 15. Let z be j(4). Let n be (-1 - 0)/(z/(-33)). Let d(y) = 8*y + 15. Give d(n).
-9
Let i = 16 + -11. Let m(s) = 4*s + 21. Let x(k) = k + 5. Let d(v) = -2*m(v) + 9*x(v). Let q(f) = -f - 3. Let n(b) = 6*d(b) + 4*q(b). Give n(i).
16
Let y(d) = -31*d**2 + 55*d - 28. Let h(c) = 12*c**2 - 28*c + 13. Let s(p) = -5*h(p) - 2*y(p). Give s(-16).
23
Let h(z) = z**3 - 4*z**2 - 2*z + 3. Let q(r) = 21*r + 47. Let m be q(-2). Suppose 0 = -4*g + 4*c, 4*g - m*g - 3 = -2*c. Calculate h(g).
-12
Let s(b) = -90*b + 1841. Let f(k) = -179*k + 3770. Let i(h) = -3*f(h) + 7*s(h). Determine i(17).
-4
Suppose c + 2 = 0, 2*c + 22 = 3*w - 0*c. Let r(v) = v + w - 3*v + v. Calculate r(-5).
11
Let c(v) be the second derivative of v**5/20 + 4*v**4/3 + v**3/2 + 17*v**2 + 5*v - 57. What is c(-16)?
-14
Let j = -197913 - -197906. Let b(p) be the second derivative of -5*p**3/6 - 9*p**2/2 - p. What is b(j)?
26
Let c(t) = 4*t**2 + 48*t + 9. Let q be c(-12). Let f(n) = 6 + 8*n - n**2 + 0 + 3*n. Calculate f(q).
24
Suppose 13 - 58 = 5*t. Let i(k) = 17*k**2 + 116*k**3 - 2*k - 117*k**3 - 8 - 26*k**2. Calculate i(t).
10
Let i(y) be the first derivative of y**3/3 + 7*y**2 - y - 2567. Give i(-13).
-14
Suppose -13*x + 38*x - 475 = 0. Let k(z) = x + 7 + 26*z - 26. What is k(1)?
26
Let j be (-3)/((2 + -1)*0 + -1). Suppose -j*n = -6*n + 147. Suppose f - n = 8*f. Let g(w) = -w + 1. Give g(f).
8
Let j(b) = -306*b + 610. Let g be j(2). Let x(t) = 4*t + 3. What is x(g)?
-5
Let t be (-30 + 36)/(6/4). Let y be ((-6)/t)/((-21)/28). Let d(c) = -4*c**2 - 1. What is d(y)?
-17
Let o(q) = 5*q**3 + 63*q**2 + q + 11. Let w(j) = 4*j**3 + 46*j**2 + 2*j + 11. Let b(d) = -3*o(d) + 4*w(d). Give b(5).
36
Let z be 4*((-10)/(-15))/(4/(-6)). Let h(l) be the second derivative of -9*l + 3*l**2 + 1/6*l**3 + 3. What is h(z)?
2
Let n(v) = 38636*v - 19310*v - 19308*v + 4. Calculate n(-2).
-32
Suppose -2*q + 4*k + 35 = -q, -k - 2 = 0. Let t(h) = 7*h - q + 20 - 14*h + 6*h. What is t(-6)?
-1
Let v(i) be the third derivative of i**6/120 + i**5/2 + 31*i**4/24 + 61*i**3/6 + 499*i**2 + 3*i. Calculate v(-29).
3
Suppose 6*x - 12 = 2*x, -3*x - 2701 = -5*p. Let n = 536 - p. Let o(g) = g**2 + 8*g + 2. Determine o(n).
-10
Let z(t) be the first derivative of -t**3/3 - 5*t**2 - 3*t - 6. Suppose -6*o = -o + 3*u + 198, 4*o - u + 172 = 0. Let w = 37 + o. Give z(w).
22
Let c(u) = -53*u**3 - u**2 + u + 2. Let r be c(-2). Suppose -6*b - 414 + r = 0. Let x(h) = 4*h - 1. What is x(b)?
3
Let t be (-2)/((-6)/(-9)) - 2. Let o be -1*1*(t + 7). Let k(g) = 3*g**2 - g - g - 35 + 11 + g**3 + 23. What is k(o)?
7
Let u(t) = t**2 + t - 1. Let r be (-12 - -10) + (2 - -1). Let p(s) = -9*s**2 + 10*s**2 + 3*s + 2 - 6*s. Let q(v) = r*p(v) + 3*u(v). Calculate q(1).
3
Suppose -37 = 5*m + s, -3*m - 3*s - 15 = -0*s. Let d(z) = 5*z**2 + 27*z - 4. Let u(c) = 3*c**2 + 17*c - 1. Let p(k) = -4*d(k) + 7*u(k). What is p(m)?
-1